. What is k(f)?
16
Let p(m) = -m**2 + 45*m - 272. Let v be p(7). Suppose -h + 12 = -0*h - 2*z, 3*z = 5*h - 39. Let f(k) = -2*k + h - k + 4*k. Give f(v).
0
Let l(g) = -g + 7. Suppose -i = 2*c - 17, -i + 4*c + 113 = 4*i. Suppose 26*t + 175 = i*t. Let n = 40 + t. What is l(n)?
2
Suppose 11*w - 105 + 50 = 0. Let d be w + 275/225 + (-2)/9. Let a(p) = -p**2 + 4*p + 2. Give a(d).
-10
Let p(k) = k**2 - 7*k + 1. Let h be p(7). Let s be (19 + h)*3/6. Suppose 18 = -v + s. Let d(z) = -z + 5. Give d(v).
13
Let j(l) = l**3 - 4*l**2 + 8*l - 13. Suppose 32*o - 67 = 29. Determine j(o).
2
Let p = 1 - 3. Let d(q) be the third derivative of 0*q**4 - 1/30*q**5 - 19 - 1/3*q**3 + 0*q - 1/120*q**6 - q**2. Determine d(p).
-2
Let j = 2 + -6. Suppose -77 + 286 = 11*c. Let w(m) = -23*m**2 + c*m**2 - m**3 + 1 + 216*m - 216*m. Calculate w(j).
1
Let b(v) = v**3 - 6*v**2 - 16*v - 11. Suppose 37*n + 40 = 42*n. Calculate b(n).
-11
Let c(g) = -4*g - 3. Let d = 289 + -237. Suppose -84 = -d*r - 292. Give c(r).
13
Let f(r) = 21*r**3 + 2*r**2 + 3*r + 1. Let l = 22975 + -22976. Determine f(l).
-21
Let m = 14 + -10. Suppose -m*t + 11 + 11 = -2*f, 3*t - 16 = 2*f. Let u(q) = 6*q**3 - 5*q**3 + 3*q - t*q - 5*q**2 - 2*q**3 - 2. Give u(-3).
-11
Let h(w) = 5*w + 2. Let q be h(0). Let b(x) = 5 + 3*x**q - x**2 - x**2 + x - 13*x. Determine b(12).
5
Let m(n) be the first derivative of -n**5/10 + 7*n**4/12 - n**3/3 - 3*n**2/2 - 15*n - 74. Let p(r) be the first derivative of m(r). Give p(3).
0
Let p be -9 + (-1349)/(-142) + 2/4. Let j(s) = -38*s + 9. Calculate j(p).
-29
Let j = -9779 + 9795. Let b(g) = 12*g - 197. What is b(j)?
-5
Let c be (30/(-7) - -6) + (-4)/(-14). Let w(g) = 172*g**2 - 6*g - 345*g**c - 4 + 174*g**2. Determine w(7).
3
Let i(f) = f**2 + 4*f - 52. Let j be i(-10). Let t(o) = -5*o + 2*o - j*o + 10*o - 7. What is t(-6)?
-1
Let d = -814 - -827. Let l(k) = -6*k**3 - 14*k**3 + d - 16*k**2 - k + 21*k**3. What is l(16)?
-3
Let o(p) = p**2 - 10*p + 12. Let w = 28 - 46. Let h be 6/4 - 2 - 153/w. Determine o(h).
-4
Let u(j) = 5*j**2 + 29*j. Let n be u(-7). Let l(o) = 16 + 6 - 2*o + 12 - n. Let i be (2/4)/(2/(-28)). Give l(i).
6
Let t(z) = -z**2 - 5*z + 8. Let d be t(-6). Let y(q) = -23*q**3 - 17*q**3 + 42*q**3 + 2*q**d - 2*q. Determine y(-2).
-4
Suppose -4*l + 11 = p, 2 = l - 4*p - 5. Let b(k) = -121 + 2*k**2 - k + 0*k**2 + 122 - 6*k**2 + l*k**2 - 4*k**3. Determine b(1).
-5
Let h = -20 + 23. Suppose 18 = -3*s + 3*j, h*s + 9 - 15 = -3*j. Let l(k) be the second derivative of -k**5/20 - k**4/6 + k**3/6 - k**2/2 - 2*k. What is l(s)?
-3
Let l(a) = 5*a - 44. Let f(k) = 15*k - 145. Let v(j) = 3*f(j) - 10*l(j). Calculate v(-2).
15
Let w(f) = -3*f**2 - 416727 - f + 416728 - f**2 + f. Calculate w(-1).
-3
Let p(d) = -5332*d + 1352*d + 1338*d + 1344*d + 278 + 1330*d. What is p(-8)?
22
Suppose -34 = -2*b + 122. Let q be (-4)/6 + 286/b. Let j(s) = 5 + 9*s**2 - 2 - 4*s**2 + 10*s**3 - 11*s**q. What is j(5)?
3
Let j be -1*(0 - -1)*-4. Let m(u) = -6*u**3 + 2*u + 6*u**3 + u**3 + 7*u**2 - 7 + j*u. Give m(-5).
13
Suppose 22 - 226 = 48*q + 276. Let j(y) be the first derivative of -y**2 - 29*y - 18. What is j(q)?
-9
Suppose 2*t + 52 = -3*b, 50 = -2*b - 3*b + 4*t. Let k(x) = x + 7. Let m(u) = u + 6. Let o(i) = 4*k(i) - 3*m(i). Give o(b).
-4
Let n(z) = 2*z**3 - 20*z**2 + 13*z - 1. Let f(c) = -c**3 + 10*c**2 - 7*c. Let j(y) = 7*f(y) + 4*n(y). Let l(t) = 2*t**2 - 77*t - 110. Let p be l(40). Give j(p).
26
Let l(h) = -9*h**2 - 3*h + 161. Let k(r) = r + 4. Let w(x) = -2*k(x) - l(x). Let m(j) be the first derivative of w(j). Calculate m(-1).
-17
Let v = 1142 - 1150. Let g(u) = 2*u + 43. Calculate g(v).
27
Suppose x = 4*g - 45, -122 + 26 = 4*x + 5*g. Let u(b) = 2*b**2 + 59*b + 19. Determine u(x).
-10
Let f(w) = 2*w**2 - 36*w + 37. Let m be f(17). Let s(v) = v**m + 58 - 5*v**2 - 6*v + 54 - 112. Give s(6).
0
Let s = -37373 + 37374. Let u(f) = 30*f - 24. Calculate u(s).
6
Let b(a) be the third derivative of 1/60*a**5 + 34*a**2 + 0*a**4 + 0 + 1/30*a**6 + 0*a - 1/6*a**3. Calculate b(-2).
-29
Let u(w) = -w**3 + w**2 + 9*w - 6. Let h be (15/25)/((-39)/(-195)). What is u(h)?
3
Let k(m) = m**2 + 10*m + 4. Let s(g) = g**2 - 3*g - 15. Let r be s(6). Suppose r*x + 90 = -7*x. What is k(x)?
-5
Let d(o) = 22*o**3 + o**2 + 6*o - 7. Let s(v) = -26*v**3 - 2*v**2 - 7*v + 8. Let q(t) = 6*d(t) + 5*s(t). What is q(3)?
19
Suppose -4*r - 3*k + 20 = 0, 12*r = 10*r - 2*k + 10. Suppose 7*o - 5 = -r. Let f(x) = x**2 + x - 32. Determine f(o).
-32
Let q(s) = -2*s**2 - 14*s - 17. Let t be q(-5). Let p(r) = 30*r**3 - 13*r**3 - 2 - 16*r**t - r**2. Give p(0).
-2
Suppose 0 = 5*b + 2*s - 27, -s - 12 = -13. Let q(i) = -6*i**2 + 3*i + 2 + i + b*i**2 + 10. What is q(6)?
0
Let x(w) = -7*w**2 - 94*w + 72. Let j(c) = 2*c**2 + 24*c - 18. Let v(s) = -11*j(s) - 3*x(s). Determine v(19).
-37
Let n(z) = -5*z + 3. Let i(v) = 6*v - 5. Let l(c) = -4*i(c) - 5*n(c). Suppose 1 = 11*r + 1. Give l(r).
5
Let d(s) = s**2 - 4*s - 84. Suppose 0 = -4*a - 5*x - 10, 14 + 6 = -3*a - 10*x. Give d(a).
-84
Let t be (1 - (-18)/(-10))*1155/(-14). Suppose 5*y = t - 6. Suppose -8*s = -5*s - y. Let r(k) = -k**3 + 5*k**2 - 3*k + 1. Determine r(s).
5
Let s(l) be the first derivative of -l**4/4 - l**3 - l**2 - 2*l - 1513. Determine s(-4).
22
Let x be (-454)/30 + 16/120. Let f be 96/x + 1 - (-46)/115. Let q(a) be the first derivative of a**3/3 + 2*a**2 - 5*a + 1. Determine q(f).
0
Let s(r) = -r**3 - 7*r**2 - r - 7. Let h be 12*(5 - ((-6)/18 + 6)). What is s(h)?
65
Let f(u) = 5*u**2 - 1. Let m be f(-1). Suppose -35*q = -54 - 121. Suppose q*w - 12 = m*b + 3*w, 17 = 3*b + 5*w. Let d(r) = 4*r**3 + r + 1. Give d(b).
-4
Let p(j) = 11*j + 103. Let k be (-39)/26 + (15/(-4))/((-16)/(-32)). Give p(k).
4
Let v be (-52)/(-2) - (24/4 + 4). Let f(y) be the second derivative of 1/6*y**3 + 3*y**2 + 0 + v*y. Calculate f(-7).
-1
Let z(m) = 3*m + 25. Let t be z(0). Suppose 9*o = t*o - 80. Let i(d) = -6. Let q(h) = h. Let n(v) = -i(v) - 4*q(v). Determine n(o).
-14
Let g(s) = -3*s**2 + 14*s - 15. Let b = 4787 - 4784. Determine g(b).
0
Let z = 21 - 21. Suppose -4*c = -z*w + 3*w + 17, 5 = w. Let k(q) = 0 + q + 5 - 3 + 1. What is k(c)?
-5
Let t(c) = -5. Let u(g) = -g - 19. Let x(q) = 8*t(q) - 3*u(q). What is x(-8)?
-7
Let r(u) be the second derivative of u**4/12 + u**3 + 2*u**2 + u + 158. Let i be 15/5 + (1 - 5) + -4. Calculate r(i).
-1
Let r(p) = -p**2 - 14*p - 33. Let a = -11430 + 11424. Determine r(a).
15
Let j(c) = -45 + 73 + c - 56. Let m be j(32). Let y(a) = a**3 - 6*a**2 + 4*a - 1. Give y(m).
-17
Let r(n) = -3 - 1 + 1 + n - 3. Let a(o) = o**2 + 6*o - 56. Let s be a(9). Let x = 79 - s. Give r(x).
-6
Suppose 3*k - 7 = 2. Let s(c) = -c**3 + 3*c**2 - 4*c + 7. Let b be s(k). Let n(d) = -d**2 - 5*d - 7. Determine n(b).
-7
Let z(r) be the third derivative of -1/60*r**5 + 0*r - 1/6*r**3 + 0 + 2*r**2 - 1/4*r**4. Let s = 20 - 27. Calculate z(s).
-8
Let c = 5 - 14. Let k(p) = 13*p**2 - 6*p + 1. Let r(x) = 27*x**2 - 13*x + 2. Let t(l) = c*k(l) + 4*r(l). Let g(b) = b + 17. Let y be g(-16). Give t(y).
-8
Let w(h) = h**3 + 54*h**2 + 533*h - 9. Let g be w(-13). Let d(v) = -2*v - 4. What is d(g)?
14
Let f be 0*9/108*4 + -62. Suppose -2*r + 4*a + 112 = 0, -5*r - 2*a - 51 = -391. Let u = f + r. Let v(n) = n - 1. What is v(u)?
3
Let m(q) be the second derivative of 18*q + 1/20*q**5 + 3/2*q**2 - 1 - 7/12*q**4 + 1/6*q**3. What is m(6)?
-27
Let o(c) = 12*c**2 + 5*c - 767. Let g(t) = -t**2 - t + 86. Let x(j) = 18*g(j) + 2*o(j). What is x(3)?
44
Suppose i - 8 = 13. Suppose 147*b - 144*b = i. Let q(f) = f**2 - 6*f - 6. Give q(b).
1
Let f = 18 - 24. Let p be f*(5 - 7)*6/(-12). Let y(g) be the first derivative of g**3/3 + 5*g**2/2 - 4*g - 1. Determine y(p).
2
Suppose 4*g = t - 19, 25 = t - 7*g + 9*g. Let a(d) = 23 + 4*d - d**3 + 3*d**2 - 49 + t. Calculate a(4).
-3
Let u(w) be the third derivative of -w**5/60 - 7*w**4/24 + 7*w**3 - 2*w**2 - 132. Calculate u(-11).
-2
Let i(s) = -4*s**2 - 13*s - 15. Let g(y) = 5*y**2 + 20*y + 16. Let l(z) = -3*g(z) - 4*i(z). Let k = 13 + -5. Calculate l(k).
12
Let b = 937 + -931. Let c(d) = 2*d**2 - 6*d - 37. Let x be c(b). Let q(i) = -10*i**3 + i**2 + i + 1. Give q(x).
11
Let b(q) be the second derivative of q**6/360 + q**5/12 + 9*q**4/4 - q**3/6 - 17*q. Let p(r) be the third derivative of b(r). Determ